n factor of z and 123?
41
Suppose -23 = -2*v - 33, -2*k - 5*v = -35. Calculate the highest common divisor of 1770 and k.
30
Let x(k) = -14*k + 9. Let g(d) = d. Let s(o) = 4*g(o) + x(o). Let i be (-4)/10 + (-215)/25. Let b be s(i). What is the highest common factor of 66 and b?
33
Let c be (-462)/63 - (-2)/(-3). Let o be 18 - (-8)/(c/5). Calculate the highest common divisor of o and 13.
13
Let o be 3 - (5973/(-51) - (-2)/17). Suppose -2*w + o = 4*k, -8*w = -6*w - k - 95. Suppose w*b = 53*b - 273. Calculate the highest common divisor of 7 and b.
7
Suppose 2*o = 3*w - 16, 16 = 5*w - 5*o - 14. Let k be (-5 - -7)/(w/(-1 - -3)). Let b be 0 - -1 - k - -1*20. Calculate the greatest common factor of b and 15.
5
Let n(x) = 388*x + 16825. Let c be n(-43). What is the highest common factor of 11703 and c?
141
Suppose 5*l - 182 - 38 = 0. Suppose -5*u = 131 + l. Let c be (-8)/2*(u + -3). What is the highest common divisor of 19 and c?
19
Let t(g) = -g + 3 + g + g**2 - 2*g + 3*g. Let a be t(3). Suppose -4*i - i + 148 = -2*f, -2*i - 5*f = -65. Calculate the greatest common factor of a and i.
15
Let m be (-70)/1*(1 - 15/10). Let y(g) = -4*g + 57. Let j = -69 - -82. Let l be y(j). What is the greatest common divisor of m and l?
5
Suppose -3*u + 3*v + 41 = -u, -4*u - 3*v = -91. Let j(q) = -q**2 + 26*q + 29. Let y be j(u). Calculate the greatest common divisor of 27 and y.
9
Suppose 56*b - 66*b = -110. Suppose -97 + 405 = b*j. Calculate the highest common factor of 364 and j.
28
Suppose 0 = -3*o - 4*l - 41, 2*o + 3*l + 36 = -o. Let s(q) = 5*q + 52. Let g be s(o). Calculate the highest common factor of g and 34.
17
Suppose 8 = 3*d + 5*h, -4*d + 5*h = -9*d. Let o be 4406 - (2 + d + 1 - 3). Let m be o/(-75)*(2/(-4) - 2). Calculate the highest common factor of m and 21.
21
Let k be 7 + -14 + 5 + -5 + 7182. What is the highest common divisor of k and 70?
35
Suppose 15*u = 38 + 67. Let f(l) = 4 - u*l - 7 - 6. Let y be f(-6). Calculate the highest common divisor of y and 22.
11
Let a = 4 + -2. Suppose w + a*w - 600 = 0. Calculate the highest common factor of 80 and w.
40
Let d(q) = 35*q + 31. Let r be d(9). Let x = -297 + r. Calculate the highest common divisor of x and 49.
49
Let u(s) = s**3 - 6*s**2 + 111*s - 920. Let b be u(8). What is the greatest common divisor of b and 9376?
32
Let h = 217 + -215. Suppose -36 = -v + 5*t - 28, -50 = -4*v + h*t. Calculate the greatest common factor of v and 208.
13
Suppose 0 = 4*a + u - 3208, 12*a = 7*a - 5*u + 3995. Calculate the greatest common factor of a and 1533.
73
Let a(f) = -3*f**3 - 8*f**2 - 16. Suppose 5*d = -3*n - 47, 3*n + 6 = 2*d - 2*n. Let j be a(d). Calculate the highest common factor of 69 and j.
69
Let a = -17336 + 19585. What is the greatest common divisor of a and 13?
13
Let c(y) = 1535*y**2 - 15*y - 22. Let q be c(-2). What is the highest common factor of 58 and q?
58
Suppose -78*x - 48 = -80*x + c, 0 = 2*x + 4*c - 78. What is the greatest common factor of x and 789?
3
Let n(r) = -3*r**2 + 3*r + 51. Let m be n(-11). Let g = m + 365. Calculate the highest common divisor of 20 and g.
20
Suppose -43 = -3*r + 2*r. Suppose 1718*n - 1053 = 2383. Calculate the highest common divisor of n and r.
1
Let z(g) = -4*g**3 - 3*g**2 - 10*g - 14. Let b be z(-2). What is the highest common divisor of b and 38?
2
Suppose 36 + 60 = 8*h. Let q be 0 - (13/(-4) + 4/16). Calculate the highest common factor of q and h.
3
Let t be (8/14 + (-45)/42)*(-54 + 40). What is the highest common factor of 273 and t?
7
Let b(u) = -u + 16. Suppose 64*s - 59*s = 50. Let m be b(s). Suppose m*h = 15*h - 279. Calculate the greatest common factor of h and 279.
31
Suppose 244*g = 124*g + 124*g - 332. What is the greatest common divisor of g and 7138?
83
Let t = 11703 + -11619. Let s(m) = 7*m. Let x be s(4). What is the highest common factor of x and t?
28
Suppose 0 = k - 0*k - 32. Let t be 1/((-782)/(-112) + (-119)/17). Let l = k - t. Calculate the highest common factor of l and 22.
22
Let d be (-2)/(2/(-1184)*1). Let u(x) = 3*x**2 + 1256*x + 3757. Let f be u(-3). Suppose 32 = -f*q + d. What is the greatest common factor of q and 8?
8
Let c(g) = 2*g**3 - 5*g**2 - 7*g + 30. Let n be c(3). Calculate the highest common divisor of n and 1014.
6
Let a(w) = -w**3 - 9*w**2 - 11*w - 30. Let c be a(-8). Let h be 1/(-5) + (-80)/25*c. What is the highest common factor of h and 95?
19
Let s be -3 + 14502/30 + (216/40)/9. Calculate the highest common divisor of 26 and s.
13
Let t be (1354/70 + 5/(-35))*-45. Let g be ((-8)/(-12))/((-9)/t). What is the greatest common factor of 16 and g?
16
Let h be ((-40)/(-90))/(3/27). Suppose h*z = 13 - 5, -46 = -2*a + 2*z. Suppose -3*k + 694 + 131 = 0. Calculate the greatest common factor of a and k.
25
Let a be 1/(-1)*165/(-3 + 8). Let b be (-398)/(-3)*a/(-22). Suppose -3*k - b = -5*g - 6*k, 4*g = 4*k + 172. What is the highest common factor of 328 and g?
41
Let m be (45*(-11)/22)/((-9)/12). Let a = -304 + 496. Suppose 4*y - a = -4*v, -4*v + 5*y + 171 = 2*y. What is the greatest common factor of m and v?
15
Suppose 7*f + 19*f = -99*f + 10125. Suppose -7*s = -10*s. Suppose s = -5*r + 3*i - 69 + 354, -2*r = 3*i - 93. Calculate the highest common divisor of r and f.
27
Suppose 1109*m + 3640 = 1174*m. Suppose 0*n = -l + 5*n + 155, 4*l - 557 = -n. Calculate the greatest common factor of l and m.
28
Let p = 5967 + -1191. What is the highest common factor of 12 and p?
12
Let j be (-5 + 6)*-15*46/(-6). Let v = 30 - 27. Suppose -4*w = -4*r - 160, 0*w - v*w + 2*r + j = 0. What is the highest common factor of 5 and w?
5
Suppose -37 = 6*z - 79. Let r(a) = 40*a - 94. Let d be r(z). Calculate the greatest common divisor of 124 and d.
62
Let i(t) = -t**3 + 2*t**2 + 3*t - 4. Let m be i(-3). Let v = -668 - -1900. Suppose v = 16*d - 5*d. What is the greatest common divisor of m and d?
16
Let k(i) = -15*i - 71. Let x be k(-11). Suppose -12*o + x = 46. Calculate the greatest common divisor of o and 1.
1
Suppose -2*b = 2*b + 8, 0 = m - 2*b - 7. Let i(t) = -2 - m - 34*t - 2 + 47*t. Let w be i(2). Calculate the highest common divisor of w and 38.
19
Suppose 0 = -4*o + 2*c + 6 - 0, -5 = -5*c. Suppose o*a - 28 - 26 = 0. Let d be ((-96)/18)/((-6)/243). What is the highest common factor of d and a?
27
Let g(t) = -3*t**2 - 68*t + 211. Let s be g(-25). Calculate the highest common divisor of s and 1476.
36
Suppose -5*t + 700 = k, -652 = -5*k + 5*t + 2608. What is the highest common divisor of k and 11715?
165
Let j = 196 + -105. Let u(h) = h**2 + 247*h - 60596. Let l be u(152). What is the greatest common factor of j and l?
13
Let v(t) = 3*t**2 + 46*t + 18. Let s be v(-15). Let l be (-5)/10*-190 - (-1 + s). Calculate the greatest common factor of 217 and l.
31
Let b be (-4)/(-18) - (-65675)/639. What is the greatest common divisor of 9373 and b?
103
Let x = 203 - 60. Let m = x - 133. Suppose -279 = -2*b - 2*b - f, -68 = -b - 2*f. What is the greatest common divisor of b and m?
10
Let h(r) = -223*r - 650. Let t be h(-3). What is the highest common divisor of 1178 and t?
19
Let j = 75 - 71. Let v be 3/15 - (-5 - j/5). Let b be 23 - (-3 - (-1 + -4 + v)). What is the highest common divisor of 54 and b?
27
Suppose 435 = 33*s - 30*s. Suppose 3*o = -11 - 4, 3*y - 5*o = s. Let p(u) = -u + 20. Let v be p(0). What is the highest common divisor of v and y?
20
Let c = -118 - -118. Suppose 32*l + 13*l - 990 = c. Calculate the highest common divisor of 198 and l.
22
Suppose 5*r + 3*k = -55, 5*r - 2*k - k = -25. Suppose 1649*x - 1646*x - 81 = 0. Let j = x + r. What is the greatest common factor of j and 209?
19
Let x be ((-74)/(-5) + 2)/((-27)/(-2520)). Calculate the greatest common divisor of x and 882.
98
Let d = 4747 - 4720. What is the highest common factor of d and 60?
3
Suppose 0 = -t - 2, -2310 = -2*a - 24*t + 19*t. Calculate the highest common divisor of a and 40.
40
Let l = -2 - -6. Let g = 37705 + -37701. Calculate the greatest common divisor of l and g.
4
Suppose -703 = -4*l + 717. Let h be 1719/6 + (-90)/36. What is the highest common factor of l and h?
71
Let b(m) = 24*m**2 - 186*m - 9. Let z be b(10). Calculate the highest common divisor of z and 1770.
177
Suppose 4*s + 1686 = 4*k - 2066, k - 4*s - 926 = 0. What is the highest common factor of 9106 and k?
